culate the highest common factor of 1689871 and 142.
71
Calculate the highest common factor of 8350639 and 836.
11
What is the highest common factor of 490 and 28897995?
245
Calculate the highest common divisor of 266532 and 33734.
334
Calculate the highest common divisor of 1346994 and 2286.
18
What is the highest common factor of 2158 and 383265116?
2158
Calculate the highest common divisor of 104 and 6710717.
13
What is the greatest common factor of 390186 and 1663776?
954
What is the greatest common factor of 81426 and 258792?
246
Calculate the greatest common factor of 89267 and 153459.
1003
What is the greatest common divisor of 272048 and 4900?
196
Calculate the highest common divisor of 2799185 and 1095.
365
Calculate the greatest common factor of 3299124 and 55876.
244
Calculate the highest common factor of 1 and 283181.
1
What is the highest common factor of 39253 and 4936642?
2309
What is the greatest common factor of 809030869 and 263?
263
What is the highest common factor of 14521 and 403101843?
1117
What is the greatest common divisor of 180 and 431708760?
180
What is the greatest common divisor of 161146 and 44325?
197
What is the greatest common divisor of 90528 and 49739232?
3936
What is the highest common divisor of 146720 and 7770?
70
What is the greatest common divisor of 1136818 and 14279?
131
Calculate the highest common factor of 32598927 and 379.
379
Calculate the greatest common factor of 1596843885 and 3059.
3059
What is the greatest common factor of 6 and 35366?
2
Calculate the greatest common factor of 174 and 2967396.
174
What is the greatest common divisor of 32900 and 1854335?
35
Calculate the highest common factor of 142735278 and 98.
14
What is the highest common divisor of 1686240 and 91338?
7026
What is the highest common factor of 25909 and 39301960?
1993
Calculate the greatest common factor of 177094950 and 44030.
6290
What is the greatest common divisor of 785779542 and 5814?
5814
Calculate the greatest common factor of 1168 and 180847426.
146
What is the greatest common factor of 345 and 17455?
5
What is the highest common factor of 14522042 and 514?
514
What is the greatest common factor of 1518 and 6229734?
138
What is the highest common factor of 70504588 and 308?
308
What is the greatest common factor of 162344 and 478558?
446
What is the greatest common divisor of 57226752 and 96?
96
What is the highest common divisor of 183594 and 407?
37
Calculate the highest common factor of 147396621 and 3.
3
Calculate the highest common factor of 18029 and 9317.
121
Calculate the greatest common divisor of 942 and 803280.
6
Calculate the greatest common divisor of 6808 and 6534644.
148
What is the highest common factor of 70 and 15461474?
14
What is the greatest common factor of 26407235 and 5?
5
What is the greatest common factor of 301 and 174097841?
43
Calculate the greatest common factor of 133355796 and 84.
84
What is the highest common divisor of 867929 and 117424?
41
What is the highest common divisor of 971731972 and 2874?
958
Calculate the greatest common divisor of 41 and 91801009.
41
What is the highest common divisor of 218750 and 90125?
875
What is the highest common divisor of 40857219 and 1989?
117
Calculate the greatest common factor of 593786 and 296066.
1654
What is the highest common factor of 166 and 41855074?
166
Calculate the greatest common factor of 8503200 and 54000.
3600
Calculate the highest common divisor of 6534588 and 12.
12
Calculate the greatest common divisor of 256644133 and 7626.
1271
Calculate the highest common divisor of 567742 and 28.
14
What is the greatest common factor of 858 and 360338?
22
What is the greatest common factor of 2210 and 109433675?
1105
Calculate the highest common factor of 3316650 and 225.
75
What is the highest common divisor of 9659314 and 28?
14
What is the greatest common factor of 143888 and 97648?
272
What is the greatest common divisor of 1500489 and 7047?
261
What is the greatest common divisor of 216 and 2302425?
27
What is the greatest common factor of 5471980 and 92020?
2140
Calculate the highest common factor of 32 and 254020544.
32
Calculate the greatest common factor of 1269 and 21051.
9
What is the highest common factor of 427750 and 410050?
2950
What is the greatest common factor of 11739424 and 3550?
142
Calculate the greatest common divisor of 33 and 17222073.
33
Calculate the highest common factor of 14748116 and 4.
4
What is the greatest common divisor of 161 and 78233603?
161
What is the highest common factor of 39 and 233498577?
39
What is the greatest common factor of 203971971 and 651?
651
What is the highest common divisor of 9434571 and 10632?
1329
What is the highest common divisor of 57420 and 350240?
220
Calculate the highest common factor of 24334 and 168590.
46
What is the highest common divisor of 40174 and 1451405?
53
What is the highest common factor of 6279 and 499590?
273
What is the highest common factor of 861960 and 7128?
264
Calculate the greatest common divisor of 23103 and 267.
3
What is the greatest common factor of 65325265 and 83555?
4915
Calculate the highest common factor of 2527 and 8421294.
133
What is the greatest common factor of 56448 and 867712?
128
What is the highest common divisor of 432128106 and 36?
18
Calculate the highest common divisor of 2480 and 285479.
31
Calculate the highest common factor of 145779309 and 53.
53
Calculate the highest common factor of 2541 and 2030105.
77
What is the greatest common factor of 32217 and 28023?
3
What is the greatest common divisor of 446517060 and 60?
60
Calculate the greatest common factor of 40294554 and 84952.
3034
Calculate the highest common divisor of 3111503 and 303498.
1297
Calculate the greatest common divisor of 351792984 and 6576.
3288
Calculate the greatest common divisor of 147439 and 25096000.
3137
Calculate the greatest common divisor of 47645911 and 402.
67
Calculate the greatest common divisor of 50616777 and 777.
111
Calculate the greatest common divisor of 421632 and 4945392.
8784
What is the highest common divisor of 3784455 and 13968?
873
Calculate the greatest common divisor of 2387 and 32811020.
341
What is the greatest common divisor of 191549800 and 1300?
1300
What is the highest common divisor of 28 and 316910902?
14
What is the highest common factor of 1905039 and 435?
87
Calculate the highest common divisor of 8372 and 1276730.
4186
What is the highest common divisor of 2856490 and 3760522?
6278
What is the greatest common divisor of 5828 and 833342?
62
What is the greatest common factor of 1539924 and 36?
12
Calculate the highest common divisor of 8720 and 20830.
10
What is the greatest common divisor of 26306496 and 360?
72
Calculate the greatest common factor of 1043140 and 3500.
140
Calculate the highest common factor of 9177 and 24872862.
399
What is the highest common factor of 2337 and 1408350?
123
What is the greatest common divisor of 2638002 and 12?
6
What is the highest common divisor of 19754946 and 76?
38
What is the greatest common divisor of 1885488 and 2192?
16
What is the greatest common divisor of 2129711 and 1786?
47
Calculate the greatest common divisor of 1682465 and 8730.
485
Calculate the highest common factor of 522 and 79065513.
261
What is the greatest common divisor of 1046559820 and 40?
20
Calculate the greatest common factor of 98642914 and 5176.
1294
Calculate the greatest common divisor of 171955 and 913818.
4913
Calculate the greatest common divisor of 382337970 and 120.
30
Calculate the highest common factor of 468454377 and 197.
197
Calculate the greatest common factor of 998544402 and 2754.
918
What is the greatest common divisor of 306 and 62360478?
18
What is the greatest common divisor of 1722881 and 1751?
103
What is the highest common factor of 390238268 and 2260?
452
Calculate the highest common divisor of 769202 and 24346.
658
What is the highest common divisor of 14589822 and 5538?
78
What is the highest common divisor of 1481990082 and 16644?
8322
What is the highest common factor of 49090510 and 2461?
23
Calculate the greatest common factor of 83981 and 1447906.
613
What is the greatest common factor of 73 and 257836511?
73
What is the greatest common factor of 261374238 and 2372?